s divided by s?
7
Let g(x) = x**2 + 7*x + 8. Calculate the remainder when g(-13) is divided by 22.
20
Let i be (-3)/(-6)*6 + 0. Suppose -13 = -4*g + 5*a, -g - i + 4 = -2*a. Calculate the remainder when g is divided by ((-9)/(-6))/((-6)/(-8)).
1
Suppose 3*u + 2*u = 410. What is the remainder when u is divided by 17?
14
Let j = 11 + -15. Let x be (10/j)/5*-10. Suppose -b + 5*d - 100 = -6*b, -x*d = -2*b + 19. What is the remainder when b is divided by 9?
8
Suppose 3*d - d = 40. What is the remainder when 26 is divided by (-2)/5 + 288/d?
12
Let g = 2 - -5. Calculate the remainder when 106/4 + 15/(-10) is divided by g.
4
Suppose 0 = 5*s - 7*s + 30. Suppose h = 2*p + 6*h - 47, 4*p + 4*h - 100 = 0. What is the remainder when p is divided by s?
11
Suppose 3*j - 2*j = -8. What is the remainder when j*3/(-6) - -1 is divided by 3?
2
Let n = -1 - -6. Suppose -4*p = 2*l - 16 - 32, -p - 10 = -n*l. Suppose 3*y = -2*c + 26, -5*c - 3*y = 2*y - 75. What is the remainder when c is divided by p?
9
Calculate the remainder when (8 - 8) + (2 - -19) is divided by 12.
9
Suppose 5*t - s = 144, -t - 2*s = -6*s - 25. Calculate the remainder when t is divided by 9.
2
Let y(u) be the first derivative of 2*u + 1 + 1/2*u**2. What is the remainder when 23 is divided by y(6)?
7
Let r = 113 - 109. What is the remainder when 7 is divided by r?
3
Let l be (3 - 1) + 1 + 0. Suppose l*u - 46 + 7 = 0. What is the remainder when 51 is divided by u?
12
Suppose -3*z - 1 = -13. Let f(x) = 3*x**2 - x. What is the remainder when f(2) is divided by z?
2
Let b(p) = -9*p - 3. What is the remainder when 74 is divided by b(-2)?
14
Suppose 0*o = -2*o + 78. Let t(f) = -f**2 - 7*f - 6. Let n be t(-3). Let c = 14 + n. Calculate the remainder when o is divided by c.
19
Suppose 2*d - 5 = -1. Suppose d*c = 6*c + 4. Let h(m) = -53*m - 1. Calculate the remainder when h(c) is divided by 18.
16
Let m be (44/(-3))/(2/(-6)). Calculate the remainder when (m/(-10))/((-2)/10) is divided by 6.
4
Let r(y) = -y + 32. What is the remainder when 69 is divided by r(14)?
15
Let i(f) = f**2 - 8*f - 3. Let g be 2/(-10) + 28/(-10). What is the remainder when i(-5) is divided by (20 - -2) + 3/g?
20
Suppose -3*l + 0*l + 12 = 0. What is the remainder when 11 is divided by l?
3
Let h be ((-30)/24)/((-1)/4). Let a(t) = 0*t - t - 1 + h + 5. Calculate the remainder when 9 is divided by a(6).
0
Suppose 2*n = -n + 2*j + 136, -5*n + 226 = -3*j. Suppose -5*g + 2*c + 10 = 0, 5*c = 45 - 20. Calculate the remainder when 2/(-7) + n/7 is divided by g.
2
Let b(x) = 2*x**2 + x + 1. Let v be b(-2). Let m(h) = -h + 1 - h**2 + v*h + 1. Calculate the remainder when 12 is divided by m(5).
5
Suppose 0 - 25 = -3*o + 4*w, o = 3*w. What is the remainder when o is divided by 8?
7
Let r(l) = -6 + 9*l + 2*l**3 - l**3 + 18 - 10*l**2. Suppose 2*q = 7*q - 45. What is the remainder when r(q) is divided by 7?
5
Let f(r) = r**2 + 7*r - 15. Calculate the remainder when f(5) is divided by 17.
11
Let u(a) = a + 35. Calculate the remainder when u(-16) is divided by (7/(-2))/(1/(-2)).
5
Suppose 4*t + 5*w + 20 = -0*t, 3*t + 4*w + 16 = 0. Suppose 2*q + t*q = 64. Calculate the remainder when q is divided by 11.
10
Let k = 15 + -7. What is the remainder when 15 is divided by k?
7
What is the remainder when 78 is divided by -4 - (-1)/1 - -23?
18
Let b(w) = w**3 + 7*w**2 + 7*w + 2. What is the remainder when 67 is divided by b(-5)?
16
Let o = -16 + 27. Calculate the remainder when 32 is divided by o.
10
Let f be (0 - -21) + -6 + 7. Suppose -3*d + 2*d = -4*g - f, -2*g = -2*d + 32. Calculate the remainder when 24 is divided by d.
10
Let h = 33 + -27. Calculate the remainder when 10 is divided by h.
4
Calculate the remainder when (-1)/(-1) - (5 - 7) is divided by 9/5 + 1/5.
1
Let d(z) = -3*z**3 - 4*z**2 + 1. Calculate the remainder when 273 is divided by d(-3).
43
Let t(h) = h**3 + 5. Suppose -5*v = 31 - 96. What is the remainder when v is divided by t(0)?
3
Let t(u) = -68*u + 3. Let q be t(-4). Suppose 4*k = -k + q. What is the remainder when k is divided by 19?
17
Suppose 0 = 4*g + 5*l - 168, 3*l + 122 = 2*g + 16. Suppose -d + g - 14 = 3*m, -3*d + 4*m = -86. Let s = 76 + -65. What is the remainder when d is divided by s?
8
Let m(i) = i**3 + 5*i**2 - 12*i - 28. What is the remainder when 36 is divided by m(-6)?
4
Let b(i) be the first derivative of 7/3*i**3 - 7*i - 1/4*i**4 - 1 + 2*i**2. Calculate the remainder when 40 is divided by b(7).
19
Suppose -2*p - 1 = -3. What is the remainder when 31 is divided by 10 - p/(-1 - 0)?
9
Let y(p) = p**3 - 5*p**2 + 4*p + 2. Let m = -6 - -13. Let l = m + -6. What is the remainder when y(4) is divided by l?
0
Let w = 7 + 2. Suppose -16 = -4*h - 0. Suppose 3*a - 3*c = c + 90, 38 = a - h*c. What is the remainder when a is divided by w?
8
Let w = 0 + 4. Suppose -5*n = 5*t - 115, 5*n + w*t = 2*n + 72. Suppose -2 = -2*f + n. What is the remainder when 41 is divided by f?
8
Suppose 5*b - 24 = 2*r - 3*r, 3*r - 3*b = 54. Suppose 7 = -3*c + r. Suppose -5*j = -9 - 41. Calculate the remainder when j is divided by c.
2
Let a = -4 - -64. What is the remainder when a is divided by 21?
18
Suppose 0 = 4*o + 3*s + 24, 3*o - 2*s = -2*o - 30. Let j(b) = -3*b - 7. Calculate the remainder when 20 is divided by j(o).
9
Let j = -83 - -145. Suppose 5*z + j = 207. What is the remainder when z is divided by 6?
5
Let k(p) = -6*p**2 - 7*p + 5. Let w(a) = a**2 + a - 1. Let h(i) = -k(i) - 5*w(i). What is the remainder when h(-5) is divided by 0 + (3*-6)/(-2)?
6
Let z(f) = 8*f**2 - f. Let y(l) = l**2 - 9*l + 10. Let h be y(8). Let n = -3 + h. Calculate the remainder when 26 is divided by z(n).
8
Suppose 2*y + 19 = f, -4*f = -0*f - y - 69. Suppose 5*v - f = 3. Calculate the remainder when v is divided by 2.
0
Let p be 12/(-5)*165/6. Let h = -34 - p. Calculate the remainder when h is divided by 17.
15
Let v(t) = t**2 + 5*t + 3. Let k be v(-2). Let w = -3 - k. What is the remainder when 5 + (-1 - (0 - w)) is divided by 3?
1
Let i be 2 - 4 - (-3 - -3). What is the remainder when 114/9 + i/(-6) is divided by 5?
3
Suppose -6 = 9*p - 114. What is the remainder when 21 is divided by p?
9
Let j(c) = c**2 - 2*c + 6 - 5*c + c - 2*c**2. Suppose -4*m - 25 = 5*v, -2*m = 5*v - 5*m + 25. Calculate the remainder when 30 is divided by j(v).
8
Suppose 4*l = -3*f + 2*l + 88, f - 2*l - 24 = 0. Calculate the remainder when 40 is divided by (f/(-16))/(3/(-24)).
12
Let j(w) = -w**3 + 13*w**2 - 12*w + 2. Let t be j(12). Suppose t = 4*p - 18. What is the remainder when 13 is divided by p?
3
Let p(g) = -g**3 + 5*g**2 + 4*g - 4. Suppose -14 = 4*t - 34, 16 = -k + 5*t. What is the remainder when p(5) is divided by k?
7
Let j = -10 - -56. Suppose -3*l - 7 = -j. What is the remainder when l is divided by (-12)/18 - (-34)/6?
3
Suppose 0 = -5*k + 4*y + 10, 2*y + y = 15. Suppose -2*a + 18 = r, -4*r + r = 0. Let d = a + 2. What is the remainder when d is divided by k?
5
Suppose 0 = -3*w - 0 - 21. Let g = w - -11. What is the remainder when g is divided by 3?
1
Suppose -294 = -2*z + 6*z + p, -4*z - 2*p = 292. Let s = z + 123. What is the remainder when s is divided by (68/(-16))/(2/(-8))?
15
Suppose -3*f + 10 = 5*c, 9*c - 4*c - 2*f - 10 = 0. What is the remainder when (-16)/(-6) + (-2)/(-6) is divided by c?
1
Let z(c) = c**3 + 3*c**2 - 5*c - 6. Let n be z(-4). Let o = 4 + n. Suppose 11 = x + o*p, p - 33 = -3*x + 2*p. What is the remainder when 32 is divided by x?
10
Suppose c + 3*h = 20, -4*c + 119 = c - 4*h. What is the remainder when c is divided by 8?
7
Let j(w) be the second derivative of w**3/6 + 3*w**2 - 3*w. Let y be j(-6). Suppose y = -o + 22. Calculate the remainder when 65 is divided by o.
21
Let r be (-4)/(-14) + 136/14. What is the remainder when 20 is divided by r - 2/((-4)/(-6))?
6
Let f be (-2)/9 - (-20)/9. What is the remainder when f + (-4)/8*-64 is divided by 9?
7
Let b(h) = -5*h + 11. Let t = -17 + 12. Calculate the remainder when b(t) is divided by 19.
17
Calculate the remainder when 49 is divided by -3*(4 - (-50)/(-6)).
10
Let z(q) be the third derivative of 13*q**6/120 + q**4/12 - q**3/6 + 4*q**2. Calculate the remainder when 55 is divided by z(1).
13
Calculate the remainder when 25 is divided by ((-4)/(-8)*8)/((-6)/(-15)).
5
Suppose 0 = -5*v, -2*v + 4*v - 14 = -2*x. Calcu